ndreds digit of 5353?
3
What is the hundreds digit of 883?
8
What is the tens digit of 3069?
6
What is the units digit of 18644?
4
What is the thousands digit of 110785?
0
What is the units digit of 138?
8
What is the units digit of 755?
5
What is the hundreds digit of 144?
1
What is the units digit of 5542?
2
What is the hundreds digit of 65570?
5
What is the hundreds digit of 48142?
1
What is the thousands digit of 11200?
1
What is the hundreds digit of 10771?
7
What is the units digit of 567?
7
What is the tens digit of 2488?
8
What is the hundreds digit of 851?
8
What is the thousands digit of 19765?
9
What is the hundreds digit of 676?
6
What is the tens digit of 49506?
0
What is the units digit of 5008?
8
What is the hundreds digit of 713?
7
What is the tens digit of 11532?
3
What is the thousands digit of 83316?
3
What is the hundreds digit of 19550?
5
What is the units digit of 1615?
5
What is the hundreds digit of 51362?
3
What is the units digit of 3127?
7
What is the thousands digit of 4231?
4
What is the tens digit of 6484?
8
What is the units digit of 18979?
9
What is the units digit of 54?
4
What is the units digit of 5579?
9
What is the hundreds digit of 44810?
8
What is the hundreds digit of 9223?
2
What is the units digit of 848?
8
What is the units digit of 1077?
7
What is the units digit of 11707?
7
What is the tens digit of 4428?
2
What is the ten thousands digit of 44305?
4
What is the tens digit of 759?
5
What is the thousands digit of 101493?
1
What is the tens digit of 30576?
7
What is the units digit of 109866?
6
What is the units digit of 44789?
9
What is the tens digit of 818?
1
What is the units digit of 680?
0
What is the hundreds digit of 1979?
9
What is the tens digit of 90?
9
What is the hundreds digit of 926?
9
What is the tens digit of 76375?
7
What is the hundreds digit of 6152?
1
What is the ten thousands digit of 12158?
1
What is the hundreds digit of 3408?
4
What is the ten thousands digit of 13869?
1
What is the tens digit of 3913?
1
What is the hundreds digit of 1008?
0
What is the hundreds digit of 48176?
1
What is the hundreds digit of 35848?
8
What is the units digit of 493?
3
What is the hundreds digit of 90151?
1
What is the ten thousands digit of 51766?
5
What is the hundreds digit of 6399?
3
What is the units digit of 3325?
5
What is the thousands digit of 3910?
3
What is the hundreds digit of 399?
3
What is the tens digit of 4309?
0
What is the tens digit of 1828?
2
What is the hundreds digit of 186?
1
What is the thousands digit of 1133?
1
What is the thousands digit of 1244?
1
What is the units digit of 16256?
6
What is the tens digit of 5493?
9
What is the ten thousands digit of 38584?
3
What is the units digit of 2113?
3
What is the units digit of 4212?
2
What is the hundreds digit of 33644?
6
What is the thousands digit of 18926?
8
What is the hundreds digit of 386?
3
What is the hundreds digit of 9789?
7
What is the tens digit of 50327?
2
What is the tens digit of 155?
5
What is the tens digit of 1569?
6
What is the units digit of 69660?
0
What is the hundreds digit of 1016?
0
What is the units digit of 4070?
0
What is the tens digit of 837?
3
What is the units digit of 2187?
7
What is the units digit of 3361?
1
What is the hundreds digit of 5728?
7
What is the units digit of 106936?
6
What is the hundreds digit of 7521?
5
What is the hundreds digit of 1057?
0
What is the tens digit of 5238?
3
What is the units digit of 175?
5
What is the units digit of 486?
6
What is the hundreds digit of 1803?
8
What is the hundreds digit of 1849?
8
What is the units digit of 7102?
2
What is the tens digit of 16577?
7
What is the hundreds digit of 16381?
3
What is the hundreds digit of 10178?
1
What is the tens digit of 268?
6
What is the units digit of 794?
4
What is the units digit of 22021?
1
What is the hundreds digit of 4831?
8
What is the units digit of 4176?
6
What is the units digit of 2373?
3
What is the units digit of 2346?
6
What is the hundreds digit of 2356?
3
What is the hundreds digit of 6976?
9
What is the units digit of 27?
7
What is the tens digit of 2401?
0
What is the units digit of 61722?
2
What is the hundred thousands digit of 112887?
1
What is the thousands digit of 3531?
3
What is the tens digit of 402?
0
What is the tens digit of 28501?
0
What is the thousands digit of 3296?
3
What is the tens digit of 15007?
0
What is the units digit of 29?
9
What is the hundreds digit of 19188?
1
What is the hundreds digit of 1738?
7
What is the tens digit of 6991?
9
What is the hundreds digit of 92218?
2
What is the tens digit of 6130?
3
What is the units digit of 2?
2
What is the hundreds digit of 3925?
9
What is the tens digit of 17890?
9
What is the units digit of 765?
5
What is the tens digit of 8557?
5
What is the hundreds digit of 27997?
9
What is the thousands digit of 80513?
0
What is the tens digit of 747?
4
What is the units digit of 625?
5
What is the thousands digit of 11142?
1
What is the thousands digit of 48175?
8
What is the ten thousands digit of 17878?
1
What is the hundreds digit of 949?
9
What is the thousands digit of 67731?
7
What is the tens digit of 79?
7
What is the hundreds digit of 48862?
8
What is the hundreds digit of 888?
8
What is the ten thousands digit of 50923?
5
What is the hundreds digit of 5139?
1
What is the thousands digit of 32509?
2
What is the tens digit of 34796?
9
What is the hundreds digit of 6543?
5
What is the units digit of 1536?
6
What is the hundreds digit of 765?
7
What is the ten thousands digit of 13842?
1
What is the thousands digit of 15798?
5
What is the hundreds digit of 7258?
2
What is the tens digit of 143663?
6
What is the thousands digit of 28843?
8
What is the hundreds digit of 859?
8
What is the thousands digit of 2306?
2
What is the hundreds digit of 1035?
0
What is the thousands digit of 24816?
4
What is the tens digit of 3152?
5
What is the tens digit of 6025?
2
What is the hundreds digit of 447?
4
What is the thousands digit of 1460?
1
What is the units digit of 51436?
6
What is the hundreds digit of 4345?
3
What is the tens digit of 54846?
4
What is the thousands digit of 36576?
6
What is the units digit of 221?
1
What is the thousands digit of 103100?
3
What is the units digit of 6263?
3
What is the hundreds digit of 3675?
6
What is the units digit of 707?
7
What is the units digit of 989?
9
What is the units digit of 76741?
1
What is the tens digit of 1983?
8
What is the tens digit of 49?
4
What is the hundreds digit of 23186?
1
What is the units digit of 22341?
1
What is the units digit of 13915?
5
What is the thousands digit of 1185?
1
What is the tens digit of 37214?
1
What is the tens digit of 5051?
5
What is the tens digit of 4339?
3
What is the units digit of 794?
4
What is the thousands digit of 202443?
2
What is the units digit of 103863?
3
What is the hundreds digit of 10035?
0
What is the units digit of 4657?
7
What is the thousands digit of 53813?
3
What is the units digit of 3024?
4
What is the tens digit of 3946?
4
What is the units digit of 771?
1
What is the units digit of 3371?
1
What is the tens digit of 13445?
4
What is the tens digit of 18123?
2
What is the hundreds digit of 682?
6
What is the tens digit of 9768?
6
What is the ten thousands digit of 76269?
7
What is the units digit of 665?
5
What is the units digit of 98222?
2
What is the tens digit of 1869?
6
What is the units digit of 52716?
6
What is the thousands digit of 1193?
1
What is the units digit of 135?
5
What is the units digit of 5121?
1
What is the hundreds digit of 4567?
5
What is the units digit of 2648?
8
What is the tens digit of 50?
5
What is the thousands digit of 2805?
2
What is the thousands digit of 5010?
5
What is the hundreds digit of 6893?
8
What is the tens digit of 149031?
3
What is the units digit of 10023?
3
What is the ten thousands digit of 22007?
2
What is the ten thousands digit of 30144?
3
What is the tens digit of 230?
3
What is the units digit of 29247?
7
What is the tens digit of 2640?
4
What is the tens digit of 950?
5
What is the units digit of 4078?
8
What is the tens digit of 234?
3
What is the hundreds digit of 85986?
9
What is the hundreds digit of 578?
5
What is the hundreds digit of 8074?
0
What is the te